mmon factor of 7474 and 74?
74
Calculate the highest common divisor of 32 and 64.
32
Calculate the greatest common divisor of 567 and 7749.
189
Calculate the greatest common factor of 1771 and 483.
161
Calculate the highest common factor of 392 and 3332.
196
What is the greatest common factor of 3645 and 45?
45
Calculate the highest common factor of 333 and 888.
111
Calculate the highest common factor of 1700 and 255.
85
What is the highest common divisor of 6431 and 109?
109
Calculate the greatest common factor of 451 and 369.
41
Calculate the greatest common divisor of 51 and 3.
3
Calculate the greatest common divisor of 189 and 42.
21
Calculate the highest common factor of 1316 and 28.
28
Calculate the highest common factor of 165 and 15.
15
What is the highest common factor of 10 and 890?
10
Calculate the greatest common factor of 20 and 28540.
20
What is the greatest common divisor of 44 and 594?
22
Calculate the highest common factor of 1 and 18.
1
Calculate the greatest common divisor of 84 and 164.
4
Calculate the greatest common divisor of 16288 and 32.
32
Calculate the highest common factor of 196 and 518.
14
What is the greatest common factor of 23 and 1817?
23
What is the greatest common divisor of 124 and 186?
62
What is the greatest common factor of 63 and 357?
21
Calculate the highest common factor of 150 and 255.
15
What is the greatest common divisor of 50 and 175?
25
What is the greatest common divisor of 4592 and 82?
82
What is the highest common divisor of 23 and 10741?
23
Calculate the greatest common divisor of 45 and 261.
9
What is the greatest common divisor of 301 and 14?
7
What is the highest common factor of 34 and 119?
17
Calculate the greatest common factor of 2178 and 528.
66
Calculate the greatest common divisor of 1820 and 700.
140
Calculate the highest common divisor of 3 and 1203.
3
What is the greatest common divisor of 127 and 2?
1
What is the highest common factor of 693 and 22?
11
What is the highest common divisor of 187 and 3553?
187
What is the greatest common factor of 962 and 37?
37
Calculate the greatest common divisor of 52 and 37440.
52
Calculate the greatest common divisor of 100 and 4.
4
What is the highest common factor of 3235 and 10?
5
What is the highest common factor of 8977 and 47?
47
What is the greatest common factor of 1309 and 119?
119
What is the highest common divisor of 33 and 308?
11
Calculate the greatest common factor of 23198 and 42.
14
Calculate the highest common divisor of 70642 and 44.
22
What is the greatest common factor of 680 and 80?
40
Calculate the greatest common divisor of 1116 and 72.
36
What is the greatest common factor of 15 and 399?
3
Calculate the greatest common divisor of 1530 and 1350.
90
What is the highest common factor of 54 and 378?
54
What is the highest common divisor of 220 and 176?
44
What is the highest common factor of 6 and 626?
2
What is the greatest common factor of 260 and 80?
20
What is the greatest common factor of 896 and 14?
14
Calculate the highest common factor of 280 and 175.
35
What is the greatest common factor of 91 and 12896?
13
Calculate the highest common divisor of 875 and 70.
35
Calculate the highest common divisor of 200 and 875.
25
What is the greatest common divisor of 174 and 18618?
174
Calculate the greatest common factor of 288 and 160.
32
What is the greatest common factor of 108 and 2244?
12
What is the greatest common factor of 6258 and 462?
42
What is the greatest common divisor of 20 and 430?
10
Calculate the greatest common divisor of 35 and 8995.
35
Calculate the greatest common factor of 7747 and 122.
61
What is the highest common factor of 38 and 4?
2
Calculate the greatest common factor of 714 and 204.
102
What is the greatest common factor of 44 and 10186?
22
Calculate the greatest common divisor of 22 and 1903.
11
What is the highest common divisor of 903 and 43?
43
What is the greatest common divisor of 54 and 7182?
54
Calculate the highest common divisor of 7 and 161.
7
What is the greatest common divisor of 114 and 30?
6
Calculate the highest common factor of 9 and 3798.
9
Calculate the greatest common factor of 330 and 3894.
66
What is the greatest common divisor of 2952 and 198?
18
Calculate the highest common divisor of 7 and 77.
7
Calculate the highest common divisor of 1068 and 324.
12
What is the highest common divisor of 1067 and 97?
97
Calculate the greatest common divisor of 2142 and 21.
21
Calculate the highest common divisor of 182 and 78.
26
Calculate the highest common factor of 232 and 348.
116
What is the highest common factor of 4505 and 795?
265
What is the greatest common factor of 759 and 429?
33
What is the highest common factor of 234 and 18486?
234
What is the greatest common divisor of 12 and 240?
12
Calculate the greatest common divisor of 1496 and 5797.
187
What is the greatest common factor of 1236 and 24?
12
Calculate the greatest common factor of 69 and 46713.
69
Calculate the highest common divisor of 44 and 15026.
22
What is the greatest common divisor of 7743 and 87?
87
What is the highest common divisor of 234 and 8346?
78
What is the greatest common divisor of 55776 and 14?
14
What is the highest common factor of 3616 and 339?
113
What is the greatest common factor of 150 and 40?
10
What is the greatest common divisor of 4422 and 2546?
134
What is the greatest common divisor of 47 and 17531?
47
Calculate the highest common divisor of 27 and 2187.
27
Calculate the highest common divisor of 9 and 2061.
9
Calculate the highest common divisor of 29 and 551.
29
What is the highest common divisor of 45 and 20?
5
What is the greatest common divisor of 28 and 350?
14
What is the greatest common factor of 768 and 3504?
48
What is the highest common factor of 6130 and 10?
10
Calculate the greatest common factor of 225 and 150.
75
Calculate the highest common factor of 3 and 86.
1
Calculate the highest common divisor of 24 and 1164.
12
What is the greatest common factor of 133 and 1007?
19
Calculate the highest common divisor of 168 and 3136.
56
What is the highest common divisor of 222 and 12?
6
What is the highest common factor of 228 and 108?
12
Calculate the highest common divisor of 3692 and 65.
13
Calculate the highest common factor of 550 and 55.
55
What is the greatest common factor of 5 and 645?
5
Calculate the highest common divisor of 74 and 34.
2
Calculate the highest common divisor of 2254 and 98.
98
Calculate the highest common divisor of 94 and 15416.
94
Calculate the greatest common factor of 23 and 9936.
23
What is the greatest common factor of 66 and 1254?
66
Calculate the highest common factor of 4205 and 29.
29
Calculate the highest common factor of 108 and 132.
12
What is the greatest common divisor of 16 and 104?
8
Calculate the greatest common factor of 1938 and 3078.
114
Calculate the greatest common divisor of 56 and 18.
2
Calculate the greatest common factor of 832 and 143.
13
What is the highest common factor of 87 and 667?
29
What is the highest common factor of 61 and 2501?
61
Calculate the highest common divisor of 26 and 78845.
13
Calculate the greatest common divisor of 12 and 292.
4
Calculate the highest common factor of 5451 and 69.
69
What is the greatest common divisor of 1190 and 35?
35
Calculate the greatest common divisor of 12 and 102.
6
Calculate the greatest common divisor of 175 and 560.
35
Calculate the highest common factor of 247 and 38.
19
Calculate the greatest common factor of 180 and 3735.
45
Calculate the greatest common divisor of 73 and 73.
73
Calculate the greatest common factor of 20367 and 186.
93
Calculate the greatest common divisor of 63 and 9.
9
Calculate the greatest common divisor of 48 and 816.
48
Calculate the greatest common divisor of 2240 and 42.
14
What is the highest common divisor of 128 and 16?
16
What is the greatest common factor of 4850 and 30?
10
What is the greatest common factor of 99 and 154?
11
What is the greatest common factor of 407 and 2717?
11
What is the highest common factor of 15573 and 174?
87
What is the greatest common factor of 38 and 4750?
38
Calculate the greatest common divisor of 2 and 5.
1
Calculate the greatest common factor of 128 and 544.
32
Calculate the highest common factor of 790 an